- -2). Suppose v*p - 63 = -p. Does 15 divide p?
False
Suppose -73 = 5*s + 5*l - 223, -2*l + 35 = s. Is -1*(-1 - (3 + s)) a multiple of 14?
False
Let j be (-3 + 2)*5/(-1). Let w(b) = -5*b**2 - 13*b - 3. Let f(l) = -6*l**2 - 14*l - 3. Let v(d) = 6*f(d) - 7*w(d). Is 5 a factor of v(j)?
False
Let x = 347 - 243. Does 13 divide x?
True
Let p(t) = -t**2 + t + 64. Suppose -4*l + 2*v + 2*v + 12 = 0, 0 = -4*l - 2*v - 6. Is 16 a factor of p(l)?
True
Suppose 28 = 2*t + 5*m, -t - 3*m = -4*t. Suppose 0 = -k - t*k + 100. Is 14 a factor of k?
False
Let y be (6/4)/((-6)/352). Is ((-3)/(-2))/((-6)/y) a multiple of 13?
False
Let k(n) = -7*n + 5. Is 9 a factor of k(-4)?
False
Let w(t) be the first derivative of t**4 + 2*t**3/3 - t**2/2 - 2*t - 3. Is w(2) a multiple of 15?
False
Suppose 6*l - 157 - 113 = 0. Suppose 8*b = 3*b + l. Is 4 a factor of b?
False
Let t(y) = y + 18. Let w be t(-9). Suppose 0 = 2*h - 0*h + 60. Is 15 a factor of (w + 0)/((-6)/h)?
True
Let a be (-9 - 0)*2/(-6). Suppose a*t - 5*t - 3*f = -57, -4*t + 108 = 4*f. Is t a multiple of 11?
False
Suppose -d + 36 = 3*s, -2*d + 5*d = 5*s + 164. Let p = d - 24. Does 12 divide p?
True
Let d(h) = -h**2 + 7*h + 8. Let u be d(8). Is u + 1 - (-54 - 3) a multiple of 21?
False
Let r = 15 + -11. Suppose 0 = -0*j - r*j + 12. Suppose -4*f + 2*f + 99 = 3*x, 5*f = -j*x + 108. Is x a multiple of 15?
False
Let v = 20 + -15. Suppose 0 = -v*f - 0*f + w + 87, 0 = -4*f - 2*w + 64. Is 12 a factor of f?
False
Let n = 242 + -151. Is n a multiple of 13?
True
Let l = -29 - -125. Is l a multiple of 24?
True
Let c(t) = t - 4. Let r be c(3). Does 7 divide 0 + r + (19 - -1)?
False
Let a(p) = 17*p + 2. Let x be (-8)/(-6) + (-2)/(-3). Is a(x) a multiple of 18?
True
Let u(o) = -o**2 + 10*o + 12. Let g(k) = k. Let y(s) = -2*g(s) + u(s). Let w be y(9). Suppose 6 = m - 4*v, 3*m - w*v - 20 - 16 = 0. Is 5 a factor of m?
False
Does 44 divide (-2 + 3)/(4/520)?
False
Let m = 30 - 17. Let c = m + -2. Is 11 a factor of c?
True
Let h = -89 + 255. Suppose -4*z - 46 - h = 0. Let u = 92 + z. Is 13 a factor of u?
True
Is 9 a factor of ((-5)/2)/5 + (-570)/(-20)?
False
Let g(z) = z**2 - 5*z + 2. Let t be g(5). Suppose 5*u = t*a + 393, 3*u + 2*u - a = 389. Is u a multiple of 11?
True
Suppose -2*r + 4 = 2*r, 3*b - 2*r = 64. Suppose 2*u - b = 14. Is u a multiple of 9?
True
Let r(m) = -4*m**2 - 6 - 1 + m**3 + 2*m + 4. Let f be r(4). Suppose -f*p - 28 = -93. Does 5 divide p?
False
Suppose -l + 3 - 2 = 4*s, 4*s + 3 = 3*l. Suppose -3*z + 121 = 2*g - 0*z, s = g - 4*z - 66. Is 21 a factor of g?
False
Let y(z) = -2*z**2 - 7*z + 1. Let m(u) = -1. Let f(x) = -2*m(x) - y(x). Is 16 a factor of f(-5)?
True
Let m be 24/36 - (-14)/6. Suppose -2*x - 6 = 0, m*b - 69 = -2*x + 21. Does 8 divide b?
True
Does 9 divide 25*(-3)/(-2 - 1)?
False
Let t = -75 - -121. Is t a multiple of 20?
False
Suppose -5*m = 2*f - 146, 0 = -m - 5*f + 43 - 0. Is m a multiple of 20?
False
Let p(c) = -6*c + 1. Let a be p(-7). Let h = a + -11. Does 9 divide h?
False
Let t(g) = 5*g**2 + 9*g. Does 19 divide t(8)?
False
Let y be (-6 + 4)*(-3 - -1). Suppose p - 27 = -3*l + 14, 44 = 2*l + y*p. Is l a multiple of 6?
True
Let a = -5 - -11. Let w(k) = 1 - k**3 + 1 - 6 + a*k**2 + k. Does 16 divide w(3)?
False
Let p = 4 - 2. Let b be (30/35)/(p/14). Is (-222)/(-7) + b/21 a multiple of 17?
False
Is 9 a factor of -2 + -38*(-3)/6?
False
Suppose -3*k + 290 - 74 = 0. Is k a multiple of 19?
False
Suppose 13*g - 144 = 10*g. Is 9 a factor of g?
False
Suppose 5*s = 146 + 239. Is s a multiple of 11?
True
Let c be (-6)/2 + 0/8. Does 10 divide 20 + (-6)/c - -2?
False
Let v(c) = -c + 1. Let z be (5 + -4)*(-1)/1. Let a(i) = -5*i**2 - 2*i + 1. Let y(m) = z*a(m) + 5*v(m). Is y(3) a multiple of 14?
False
Suppose 0 = -x + 21 - 6. Does 11 divide 1 + 6/9*x?
True
Does 13 divide (-2)/(-4) + 508/8?
False
Let j(c) = -40*c - 2. Is j(-1) a multiple of 19?
True
Let z be 80/14 + (-4)/(-14). Suppose -2*c = c - 3*g + z, -3*g = 4*c + 1. Is 7 a factor of (c/(-2))/((-2)/(-52))?
False
Suppose 2*r + 2*j - 22 = 0, 4*r - 3*r + 2*j - 13 = 0. Is r a multiple of 3?
True
Let t be (1 - 5)*93/6. Let q = 96 + t. Does 17 divide q?
True
Let r be ((-9)/(-6))/((-3)/(-44)). Suppose n - r = -9. Is 13 a factor of n?
True
Let c be (2/(-4))/((-4)/56). Let g be 1/((c/(-30))/(-7)). Let r = -14 + g. Is r a multiple of 14?
False
Suppose 6*t - 225 = t. Is 12 a factor of t?
False
Let p be 8 - (-2 + 2)/(-2). Suppose 3*w = -5*k - 0*k + 106, p = k + 5*w. Suppose -2*y = -x - 4*x - 15, 0 = 4*y - 3*x - k. Is y a multiple of 2?
False
Let k = -7 + 14. Let j(l) = -l**3 - 8*l**2 - 4*l - 2. Let m(s) = -2*s**3 - 9*s**2 - 3*s - 2. Let w(a) = 3*j(a) - 2*m(a). Does 5 divide w(k)?
True
Let r(m) = 3*m**2 - 6*m + 14. Let h be r(-13). Suppose 0 = 5*j - 3*x - h + 9, 550 = 5*j + 5*x. Does 37 divide j?
False
Suppose 0 = -2*j + 7*j. Suppose j = -3*p - s + 2*s - 15, -4*p + 3*s - 20 = 0. Is 4 a factor of 2/p - (-42)/5?
True
Suppose 0 = -2*k + 4*k - 28. Does 14 divide k?
True
Suppose -11 + 271 = 4*w. Is 3 a factor of w?
False
Let f(y) = 5*y**2 - 3*y - 2. Let b be f(-4). Suppose -d = 2*d - 78. Suppose m + 0*m + 2*v = d, -3*m + b = 2*v. Is 16 a factor of m?
True
Let g = -80 + 135. Is 11 a factor of g?
True
Let d = -123 - -275. Let v = d - 54. Suppose -5*p + 55 = k, -3*k - 23 = -3*p - v. Is k a multiple of 10?
True
Let c(l) be the second derivative of -l**5/20 + 2*l**4/3 - 5*l**3/6 + l**2/2 + 3*l. Let y be c(5). Let o = y + -11. Is o a multiple of 20?
True
Suppose -5*l = s - 53 - 123, -5*s - 92 = -2*l. Is l a multiple of 6?
True
Let y(x) = 45*x**2 - x - 4. Is y(-2) a multiple of 17?
False
Let c(o) = 9*o - 5. Does 2 divide c(1)?
True
Let j be 2 + -1 + 0 + 1. Let k = 465 - 315. Is 8 a factor of k/9 - j/3?
True
Let c = -12 + 12. Suppose c = -4*b - 11 + 43. Is 4 a factor of b?
True
Let h = -58 + 158. Suppose s + 4*s - h = 0. Suppose -q = -12 - s. Does 16 divide q?
True
Is (1 - 2)/(8/(-184)) a multiple of 23?
True
Suppose 10 = 3*t + 5*j - 12, -2*t = 5*j - 23. Let v = t - -36. Is v a multiple of 13?
False
Let h(m) = 2*m**2 + 5*m + 22. Is 7 a factor of h(-6)?
False
Is 15 a factor of -6 + 5 - -1 - (-120)/2?
True
Is (-1 + 2)/(-2*2/(-120)) a multiple of 15?
True
Suppose -p + 45 = -0*p. Is p a multiple of 12?
False
Let j = 10 + -6. Let x = 78 - 26. Suppose 3*a - x = j*w, -4*a - 4*w + 36 - 4 = 0. Is 6 a factor of a?
True
Let n(q) = -4*q - 6. Suppose 0 = 2*o + 2*s - 1 - 1, 5*o = -2*s - 10. Does 2 divide n(o)?
True
Let j be (-2)/(-6) + 33/9. Let y be 46*2/4 + 0. Let a = y - j. Does 13 divide a?
False
Let z(o) = -o - 2. Let b be z(-7). Let d = 13 - b. Does 3 divide d?
False
Suppose -4*g + t = -t, g = 4*t. Suppose -5*i - 26 + 266 = g. Is 12 a factor of i?
True
Let t(g) = -g**2 + 8*g + 2. Let m be t(8). Suppose 4*f - f = 5*l - 16, m*f = -4. Is 2 a factor of l?
True
Let t be 224/5 + (-4)/(-20). Suppose 0 = 3*n + 2*n - t. Does 6 divide n?
False
Let h = 145 - 129. Does 4 divide h?
True
Let m(c) = -2*c + 70. Let q be m(0). Suppose -3*a + 8 + q = 0. Does 13 divide a?
True
Is 11 a factor of 18/(-12) + 45/2?
False
Let v be 56/6 - 3/9. Suppose 3*p - 2*d - 138 = 0, 175 = 4*p - d - v. Does 23 divide p/(-20)*2*-5?
True
Suppose -2*p - 2 = 4*d, 0*d - 2*d = -5*p - 29. Let v(m) = 5*m + d + 3*m - 4*m - 2*m. Is 3 a factor of v(2)?
True
Let u = 18 - 11. Let x be (-14)/49 + 30/u. Suppose 97 = x*f - 3*r - 5, -3*r - 6 = 0. Is f a multiple of 12?
True
Let d be ((-2)/3)/(8/(-36)). Let b be 19*(-1 + d + 1). Suppose -4*f + 117 = c, -34 = -3*f - 4*c + b. Does 18 divide f?
False
Suppose -2 = -2*s - 4*c - 0*c, -c = -5*s + 27. Suppose 0 = p - 2*p - 5*u - 5, 0 = -s*p + 5*u + 5. Does 9 divide p - 0 - -2 - -16?
True
Let h = 43 - 19. Is h a multiple of 4?
True
Does 3 divide (21/(-14))/((-2)/12)?
True
Let o(h) = -2*h**2 - 11*h + 4. Is o(-5) a multiple of 2?
False
Is (5/(-3) - -2)*201 a multiple of 27?
False
Suppose 4*b = -0*b + 112. Let h be b/16 - 2/(-8). Does 7 divide (-11 + h)/(-3)*5?
False
Suppose 5*c - 69 = 41. Suppose 0*u - u + 3 = 0. Suppose -c = -u*q + q. Does 11 divide q?
True
Let l = 4 - 4. Let h = l - 3. Is ((-4)/h)/((-2)/(-9)) a multiple of 3?
True
Suppose 2*g = 3*g. Is (g - 1)*(3 - 28) a multiple of 10?
False
Suppose -4*q - b + 317 = 4*b, -q + b = -68. Does 5 divide q?
False
Let v = 51 - 33. Is v a multiple of 14?
False
Let i